{"id":91,"date":"2017-06-23T11:27:09","date_gmt":"2017-06-23T11:27:09","guid":{"rendered":"http:\/\/familiebilleder.samfundslitteratur.dk\/?page_id=91"},"modified":"2017-08-01T12:01:50","modified_gmt":"2017-08-01T12:01:50","slug":"del-5-ramme-og-perspektivsaettere","status":"publish","type":"page","link":"https:\/\/familiebilleder.samfundslitteratur.dk\/?page_id=91","title":{"rendered":"Del 5: Ramme- og perspektivs\u00e6ttere"},"content":{"rendered":"<h1><strong>FAMILIEBILLEDER, fort\u00e6lling 1 og 20<\/strong><\/h1>\n<p><a href=\"http:\/\/familiebilleder.samfundslitteratur.dk\/wp-content\/uploads\/2017\/07\/Ramme-og-perskektivs\u00e6ttere.pdf\">Ramme- og perskektivs\u00e6ttere<\/a><\/p>\n<h1><\/h1>\n<p><img data-recalc-dims=\"1\" loading=\"lazy\" decoding=\"async\" data-attachment-id=\"339\" data-permalink=\"https:\/\/familiebilleder.samfundslitteratur.dk\/?attachment_id=339\" data-orig-file=\"https:\/\/i0.wp.com\/familiebilleder.samfundslitteratur.dk\/wp-content\/uploads\/2017\/06\/2006-Queer_Liberation_Not_Rainbow_CapitalismDublin2016WikiCommons.jpg?fit=2048%2C1536&amp;ssl=1\" data-orig-size=\"2048,1536\" data-comments-opened=\"1\" data-image-meta=\"{&quot;aperture&quot;:&quot;0&quot;,&quot;credit&quot;:&quot;&quot;,&quot;camera&quot;:&quot;&quot;,&quot;caption&quot;:&quot;&quot;,&quot;created_timestamp&quot;:&quot;0&quot;,&quot;copyright&quot;:&quot;&quot;,&quot;focal_length&quot;:&quot;0&quot;,&quot;iso&quot;:&quot;0&quot;,&quot;shutter_speed&quot;:&quot;0&quot;,&quot;title&quot;:&quot;&quot;,&quot;orientation&quot;:&quot;0&quot;}\" data-image-title=\"2006 Queer_Liberation_Not_Rainbow_CapitalismDublin2016WikiCommons\" data-image-description=\"\" data-image-caption=\"\" data-large-file=\"https:\/\/i0.wp.com\/familiebilleder.samfundslitteratur.dk\/wp-content\/uploads\/2017\/06\/2006-Queer_Liberation_Not_Rainbow_CapitalismDublin2016WikiCommons.jpg?fit=712%2C534&amp;ssl=1\" class=\"alignnone wp-image-339 size-large\" src=\"https:\/\/i0.wp.com\/familiebilleder.samfundslitteratur.dk\/wp-content\/uploads\/2017\/06\/2006-Queer_Liberation_Not_Rainbow_CapitalismDublin2016WikiCommons-1024x768.jpg?resize=712%2C534\" alt=\"\" width=\"712\" height=\"534\" srcset=\"https:\/\/i0.wp.com\/familiebilleder.samfundslitteratur.dk\/wp-content\/uploads\/2017\/06\/2006-Queer_Liberation_Not_Rainbow_CapitalismDublin2016WikiCommons.jpg?resize=1024%2C768&amp;ssl=1 1024w, https:\/\/i0.wp.com\/familiebilleder.samfundslitteratur.dk\/wp-content\/uploads\/2017\/06\/2006-Queer_Liberation_Not_Rainbow_CapitalismDublin2016WikiCommons.jpg?resize=300%2C225&amp;ssl=1 300w, https:\/\/i0.wp.com\/familiebilleder.samfundslitteratur.dk\/wp-content\/uploads\/2017\/06\/2006-Queer_Liberation_Not_Rainbow_CapitalismDublin2016WikiCommons.jpg?resize=768%2C576&amp;ssl=1 768w, https:\/\/i0.wp.com\/familiebilleder.samfundslitteratur.dk\/wp-content\/uploads\/2017\/06\/2006-Queer_Liberation_Not_Rainbow_CapitalismDublin2016WikiCommons.jpg?resize=1080%2C810&amp;ssl=1 1080w, https:\/\/i0.wp.com\/familiebilleder.samfundslitteratur.dk\/wp-content\/uploads\/2017\/06\/2006-Queer_Liberation_Not_Rainbow_CapitalismDublin2016WikiCommons.jpg?w=2048&amp;ssl=1 2048w, https:\/\/i0.wp.com\/familiebilleder.samfundslitteratur.dk\/wp-content\/uploads\/2017\/06\/2006-Queer_Liberation_Not_Rainbow_CapitalismDublin2016WikiCommons.jpg?w=1424&amp;ssl=1 1424w\" sizes=\"auto, (max-width: 712px) 100vw, 712px\" \/><\/p>\n<p>I relation til rammer og perspektiver, n\u00e5r det g\u00e6lder dels familiens oprindelse og udvikling, dels bogens afsluttende bud p\u00e5 forestillede fremtider, kan det v\u00e6re vanskeligt at foresl\u00e5 konkrete s\u00f8gemuligheder til videre selvst\u00e6ndigt arbejde.<\/p>\n<p>For der er ingen hjemmesider, hvor supplerende materialer til diskussion og uddybning ligger samlet, f\u00e6rdigt og overskueligt ordnet \u2013 lige til at tage i brug. Det bliver derfor nok n\u00f8dvendigt at udv\u00e6lge nogle relevante s\u00f8geord og navigere videre ud p\u00e5 nettet.<\/p>\n<p>Som en lille hj\u00e6lp og til en start giver udvalget af korte tekster og links her et grundlag for at komme godt i gang med diskussioner, faglig fordybelse, skrive\u00f8velser og m\u00e5ske ogs\u00e5 st\u00f8rre skriftlige opgaver.<\/p>\n<p>&nbsp;<\/p>\n","protected":false},"excerpt":{"rendered":"<p>FAMILIEBILLEDER, fort\u00e6lling 1 og 20 Ramme- og perskektivs\u00e6ttere I relation til rammer og perspektiver, n\u00e5r det g\u00e6lder dels familiens oprindelse og udvikling, dels bogens afsluttende bud p\u00e5 forestillede fremtider, kan det v\u00e6re vanskeligt at foresl\u00e5 konkrete s\u00f8gemuligheder til videre selvst\u00e6ndigt arbejde. For der er ingen hjemmesider, hvor supplerende materialer til diskussion og uddybning ligger samlet, &hellip; <a href=\"https:\/\/familiebilleder.samfundslitteratur.dk\/?page_id=91\" class=\"more-link\">Continue reading <span class=\"screen-reader-text\">Del 5: Ramme- og perspektivs\u00e6ttere<\/span><\/a><\/p>\n","protected":false},"author":1,"featured_media":0,"parent":0,"menu_order":0,"comment_status":"closed","ping_status":"closed","template":"","meta":{"jetpack_post_was_ever_published":false,"footnotes":""},"tags":[],"class_list":["post-91","page","type-page","status-publish","hentry","no-featured-image"],"jetpack_sharing_enabled":true,"jetpack_shortlink":"https:\/\/wp.me\/P91OzV-1t","jetpack-related-posts":[],"_links":{"self":[{"href":"https:\/\/familiebilleder.samfundslitteratur.dk\/index.php?rest_route=\/wp\/v2\/pages\/91","targetHints":{"allow":["GET"]}}],"collection":[{"href":"https:\/\/familiebilleder.samfundslitteratur.dk\/index.php?rest_route=\/wp\/v2\/pages"}],"about":[{"href":"https:\/\/familiebilleder.samfundslitteratur.dk\/index.php?rest_route=\/wp\/v2\/types\/page"}],"author":[{"embeddable":true,"href":"https:\/\/familiebilleder.samfundslitteratur.dk\/index.php?rest_route=\/wp\/v2\/users\/1"}],"replies":[{"embeddable":true,"href":"https:\/\/familiebilleder.samfundslitteratur.dk\/index.php?rest_route=%2Fwp%2Fv2%2Fcomments&post=91"}],"version-history":[{"count":5,"href":"https:\/\/familiebilleder.samfundslitteratur.dk\/index.php?rest_route=\/wp\/v2\/pages\/91\/revisions"}],"predecessor-version":[{"id":366,"href":"https:\/\/familiebilleder.samfundslitteratur.dk\/index.php?rest_route=\/wp\/v2\/pages\/91\/revisions\/366"}],"wp:attachment":[{"href":"https:\/\/familiebilleder.samfundslitteratur.dk\/index.php?rest_route=%2Fwp%2Fv2%2Fmedia&parent=91"}],"wp:term":[{"taxonomy":"post_tag","embeddable":true,"href":"https:\/\/familiebilleder.samfundslitteratur.dk\/index.php?rest_route=%2Fwp%2Fv2%2Ftags&post=91"}],"curies":[{"name":"wp","href":"https:\/\/api.w.org\/{rel}","templated":true}]}}