{"id":56,"date":"2017-06-23T09:34:33","date_gmt":"2017-06-23T09:34:33","guid":{"rendered":"http:\/\/familiebilleder.samfundslitteratur.dk\/?page_id=56"},"modified":"2017-07-06T13:54:11","modified_gmt":"2017-07-06T13:54:11","slug":"om-forfatteren-aerligt-og-selvfortalt","status":"publish","type":"page","link":"https:\/\/familiebilleder.samfundslitteratur.dk\/?page_id=56","title":{"rendered":"Om forfatteren &#8211; \u00e6rligt og selvfortalt"},"content":{"rendered":"<p><em>I hjemmesidens samling af <a href=\"http:\/\/familiebilleder.samfundslitteratur.dk\/?page_id=46\">SKRIVEOPGAVER<\/a><\/em> <em>har jeg stillet et par frie opgaver \u2013 heriblandt \u00e9n, jeg har kaldt <strong>Fort\u00e6l dig selv!<img data-recalc-dims=\"1\" loading=\"lazy\" decoding=\"async\" data-attachment-id=\"154\" data-permalink=\"https:\/\/familiebilleder.samfundslitteratur.dk\/?attachment_id=154\" data-orig-file=\"https:\/\/i0.wp.com\/familiebilleder.samfundslitteratur.dk\/wp-content\/uploads\/2017\/06\/Geert.png?fit=692%2C699&amp;ssl=1\" data-orig-size=\"692,699\" data-comments-opened=\"1\" data-image-meta=\"{&quot;aperture&quot;:&quot;0&quot;,&quot;credit&quot;:&quot;&quot;,&quot;camera&quot;:&quot;&quot;,&quot;caption&quot;:&quot;&quot;,&quot;created_timestamp&quot;:&quot;0&quot;,&quot;copyright&quot;:&quot;&quot;,&quot;focal_length&quot;:&quot;0&quot;,&quot;iso&quot;:&quot;0&quot;,&quot;shutter_speed&quot;:&quot;0&quot;,&quot;title&quot;:&quot;&quot;,&quot;orientation&quot;:&quot;0&quot;}\" data-image-title=\"Geert\" data-image-description=\"\" data-image-caption=\"\" data-large-file=\"https:\/\/i0.wp.com\/familiebilleder.samfundslitteratur.dk\/wp-content\/uploads\/2017\/06\/Geert.png?fit=692%2C699&amp;ssl=1\" class=\"alignright wp-image-154 size-medium\" src=\"https:\/\/i0.wp.com\/familiebilleder.samfundslitteratur.dk\/wp-content\/uploads\/2017\/06\/Geert-297x300.png?resize=297%2C300\" alt=\"\" width=\"297\" height=\"300\" srcset=\"https:\/\/i0.wp.com\/familiebilleder.samfundslitteratur.dk\/wp-content\/uploads\/2017\/06\/Geert.png?resize=297%2C300&amp;ssl=1 297w, https:\/\/i0.wp.com\/familiebilleder.samfundslitteratur.dk\/wp-content\/uploads\/2017\/06\/Geert.png?resize=624%2C630&amp;ssl=1 624w, https:\/\/i0.wp.com\/familiebilleder.samfundslitteratur.dk\/wp-content\/uploads\/2017\/06\/Geert.png?w=692&amp;ssl=1 692w\" sizes=\"auto, (max-width: 297px) 100vw, 297px\" \/><\/strong><\/em><\/p>\n<p><em>S\u00e5 ligger det vel ligefor, at jeg ogs\u00e5 selv p\u00e5tager mig en lignende opgave.<\/em><\/p>\n<p>Jeg er lektor, cand.mag. og forfatter til <strong>FAMILIEBILLEDER<\/strong>, som det klart fremg\u00e5r af bogens omslag og titelblad.<\/p>\n<p>Til hverdag underviser jeg i historie og dansk p\u00e5 Solr\u00f8d Gymnasium.<\/p>\n<p>Som forfatter og formidler har jeg gennem snart mange \u00e5r besk\u00e6ftiget mig indg\u00e5ende med historiefort\u00e6lling, historisk metode, kommunikation og kulturforst\u00e5else. Hvad mine egne n\u00e6rmeste relationer ang\u00e5r, er jeg gift \u2013 min \u00e6gtef\u00e6lle er ogs\u00e5 min fagkollega og min mest skattede og konstruktive kritiker. Vi har sammen to meget professionelt kommunikerende d\u00f8tre og forel\u00f8big to vidunderlige og k\u00e6rlige b\u00f8rneb\u00f8rn, begge piger.<\/p>\n<p>N\u00e5r jeg bagudskuende og udefra kommer til at se n\u00e6rmere p\u00e5, hvad jeg s\u00e6rlig intenst fagligt har besk\u00e6ftiget mig med, opdager jeg et m\u00f8nster, som jeg helt vil opgive at tale mig udenom.<\/p>\n<p>\u00c5bent og \u00e6rligt konstaterer jeg, at jeg med s\u00e6rlig motivation og energi har besk\u00e6ftiget mig med de mest sanselige sider af kulturhistorien \u2013 med menneskers skabende aktiviteter \u2013 med kunst, mad og sex. Det er m\u00e5ske ikke s\u00e5 underligt, n\u00e5r man medt\u00e6nker, hvor meget spor efter menneskelige aktiviteter p\u00e5 de omr\u00e5der fylder i vores individuelle og vores f\u00e6lles bevidstheder om, hvad liv er.<\/p>\n","protected":false},"excerpt":{"rendered":"<p>I hjemmesidens samling af SKRIVEOPGAVER har jeg stillet et par frie opgaver \u2013 heriblandt \u00e9n, jeg har kaldt Fort\u00e6l dig selv! S\u00e5 ligger det vel ligefor, at jeg ogs\u00e5 selv p\u00e5tager mig en lignende opgave. Jeg er lektor, cand.mag. og forfatter til FAMILIEBILLEDER, som det klart fremg\u00e5r af bogens omslag og titelblad. Til hverdag underviser &hellip; <a href=\"https:\/\/familiebilleder.samfundslitteratur.dk\/?page_id=56\" class=\"more-link\">Continue reading <span class=\"screen-reader-text\">Om forfatteren &#8211; \u00e6rligt og selvfortalt<\/span><\/a><\/p>\n","protected":false},"author":1,"featured_media":0,"parent":0,"menu_order":0,"comment_status":"closed","ping_status":"closed","template":"page-templates\/full-width.php","meta":{"jetpack_post_was_ever_published":false,"footnotes":""},"tags":[],"class_list":["post-56","page","type-page","status-publish","hentry","no-featured-image"],"jetpack_sharing_enabled":true,"jetpack_shortlink":"https:\/\/wp.me\/P91OzV-U","jetpack-related-posts":[],"_links":{"self":[{"href":"https:\/\/familiebilleder.samfundslitteratur.dk\/index.php?rest_route=\/wp\/v2\/pages\/56","targetHints":{"allow":["GET"]}}],"collection":[{"href":"https:\/\/familiebilleder.samfundslitteratur.dk\/index.php?rest_route=\/wp\/v2\/pages"}],"about":[{"href":"https:\/\/familiebilleder.samfundslitteratur.dk\/index.php?rest_route=\/wp\/v2\/types\/page"}],"author":[{"embeddable":true,"href":"https:\/\/familiebilleder.samfundslitteratur.dk\/index.php?rest_route=\/wp\/v2\/users\/1"}],"replies":[{"embeddable":true,"href":"https:\/\/familiebilleder.samfundslitteratur.dk\/index.php?rest_route=%2Fwp%2Fv2%2Fcomments&post=56"}],"version-history":[{"count":5,"href":"https:\/\/familiebilleder.samfundslitteratur.dk\/index.php?rest_route=\/wp\/v2\/pages\/56\/revisions"}],"predecessor-version":[{"id":165,"href":"https:\/\/familiebilleder.samfundslitteratur.dk\/index.php?rest_route=\/wp\/v2\/pages\/56\/revisions\/165"}],"wp:attachment":[{"href":"https:\/\/familiebilleder.samfundslitteratur.dk\/index.php?rest_route=%2Fwp%2Fv2%2Fmedia&parent=56"}],"wp:term":[{"taxonomy":"post_tag","embeddable":true,"href":"https:\/\/familiebilleder.samfundslitteratur.dk\/index.php?rest_route=%2Fwp%2Fv2%2Ftags&post=56"}],"curies":[{"name":"wp","href":"https:\/\/api.w.org\/{rel}","templated":true}]}}